{"id":1966,"date":"2025-06-27T09:23:37","date_gmt":"2025-06-27T09:23:37","guid":{"rendered":"https:\/\/www.sadhana-yoga.es\/?page_id=1966"},"modified":"2025-09-01T10:38:10","modified_gmt":"2025-09-01T10:38:10","slug":"politica-de-privacidad","status":"publish","type":"page","link":"https:\/\/www.sadhana-yoga.es\/es\/politica-de-privacidad\/","title":{"rendered":"Politica de privacidad"},"content":{"rendered":"\n<p>1. INFORMACI\u00d3N PARA El USUARIO&nbsp;<\/p>\n\n\n\n<p>\u00bfQu\u00e9n es el responsable del tratamiento de tus datos personales?\u00a0<\/p>\n\n\n\n<p>NEUS FORN JORBA es el RESPONSABLE del tratamiento de los datos personales del USUARIO y lo informa que estos datos se tratar\u00e1n de conformidad con el que dispone el Reglamento (UE) 2016\/679, de 27 de abril (GDPR), y la Ley Org\u00e1nica 3\/2018, de 5 de diciembre (LOPDGDD).&nbsp;<\/p>\n\n\n\n<p>\u00bfPara qu\u00e9 tratamos tus datos personales?\u00a0<\/p>\n\n\n\n<p>Para mantener una relaci\u00f3n comercial con el usuario. Las operaciones previstas para hacer el tratamiento son:&nbsp;<\/p>\n\n\n\n<p>Remesa de comunicaciones comerciales publicitarias por e-mail, fax, SMS,&nbsp;MMS, redes sociales o cualquier otro medio electr\u00f3nico o f\u00edsico, presente o futuro, que permita efectuar comunicaciones comerciales. Estas comunicaciones se tienen que hacer por medio del RESPONSABLE y est\u00e1n relacionadas con sus productos y servicios, o con sus colaboradores o proveedores, con los cuales haya llegado a alg\u00fan acuerdo de promoci\u00f3n. En este caso, los terceros no tendr\u00e1n nunca acceso a los datos personales.&nbsp;<\/p>\n\n\n\n<p>Efectuar estudios de mercado y an\u00e1lisis estad\u00edsticos.<br>Tramitar encargos de peticiones, dar respuesta a las consultas o cualquier tipo de petici\u00f3n que haga el USUARIO a&nbsp;trav\u00e9s de cualquier de las formas de contacto que se ponen a su disposici\u00f3n a la p\u00e1gina web del RESPONSABLE.<br>Enviar el bolet\u00edn informativo en l\u00ednea, sobre novedades, ofertas y promociones en nuestra actividad.&nbsp;<\/p>\n\n\n\n<p>\u00bfPorqu\u00e9 qu\u00e9 motivo podemos tratar tus datos personales?\u00a0<\/p>\n\n\n\n<p>Porque el tratamiento est\u00e1 legitimado por el art\u00edculo 6 del\u00a0GDPR\u00a0de la siguiente manera:\u00a0<\/p>\n\n\n\n<p>Con el consentimiento del USUARIO: env\u00edo de comunicaciones comerciales y del bolet\u00edn informativo.<br>Por inter\u00e9s leg\u00edtimo&nbsp;delRESPONSABLE: efectuar estudios de mercado, an\u00e1lisis estad\u00edsticos, etc. y tramitar encargos, solicitudes, etc. a petici\u00f3n del USUARIO.&nbsp;<\/p>\n\n\n\n<p>\u00bfDurante cu\u00e1nto de tiempo guardaremos tus datos personales?\u00a0<\/p>\n\n\n\n<p>Se conservar\u00e1n durando no m\u00e1s tiempo del necesario para mantener la finalidad del tratamiento o mientras haya prescripciones legales que dictaminen la custodia y cuando ya no sea necesario para lo cual, se suprimir\u00e1n con medidas de seguridad adecuadas para garantizar la anonimizaci\u00f3n de los datos o su destrucci\u00f3n total.&nbsp;<\/p>\n\n\n\n<p>\u00bfA quien facilitamos tus datos personales?\u00a0<\/p>\n\n\n\n<p>No est\u00e1 prevista ninguna comunicaci\u00f3n de datos personales a terceros excepto, si fuera necesario para el desarrollo y ejecuci\u00f3n de las finalidades del tratamiento, a nuestros proveedores de servicios relacionados con comunicaciones, con los cuales el RESPONSABLE ha formalizado los contratos de confidencialidad y de encargado de tratamiento exigidos por la normativa vigente de privacidad.&nbsp;<\/p>\n\n\n\n<p>\u00bfCu\u00e1les son tus derechos?\u00a0<\/p>\n\n\n\n<p>Los derechos que tiene el USUARIO son:&nbsp;<\/p>\n\n\n\n<p>Derecho a retirar el consentimiento en cualquier momento.<br>Derecho de acceso, rectificaci\u00f3n, portabilidad y supresi\u00f3n de sus datos y de limitaci\u00f3n u oposici\u00f3n a su tratamiento. Derecho a presentar una reclamaci\u00f3n ante la autoridad de control (www.aepd.es) si considera que el tratamiento no se ajusta a la normativa vigente.&nbsp;<\/p>\n\n\n\n<p>En cualquier momento, tienes derecho a acceder a tus datos personales, solicitar la rectificaci\u00f3n si son inexactas, pedir la supresi\u00f3n, oponerte a su tratamiento, solicitar la limitaci\u00f3n o la portabilidad de acuerdo con el Reglamento (UE) 2016\/679 (RGPD).<\/p>\n\n\n\n<p>Puedes ejercer estos derechos de manera f\u00e1cil y gratuita mediante el siguiente formulario: https:\/\/www.sadhana-yoga.es\/centre-de-privacitat\/, dirigi\u00e9ndote a NEUS FORN JORBA. Avenida de Barcelona, 182 local 1 &#8211; 08700 Igualada (Barcelona). o por e-mail: hola@sadhana-yoga.es&nbsp;<\/p>\n\n\n\n<p>2. CAR\u00c1CTER OBLIGATORIO O FACULTATIVO DE LA INFORMACI\u00d3N FACILITADA POR El USUARIO&nbsp;<\/p>\n\n\n\n<p>Los USUARIOS, por medio de las casillas correspondientes y la introducci\u00f3n de datos en los campos, marcados con el asterisco ()&nbsp;en el formulario de contacto o presentados en formularios de descarga, aceptan expresamente y de manera libre e inequ\u00edvoca, que sus datos son necesarios para la atenci\u00f3n de su petici\u00f3n, por parte del prestamista, y que por lo tanto<br>la inclusi\u00f3n de los datos en los campos restantes es voluntaria. El USUARIO garantiza que los datos personales facilitados al RESPONSABLE son ver\u00eddicas y se hace responsable de comunicar cualquier modificaci\u00f3n.<br>El RESPONSABLE informa que todos los datos solicitados a trav\u00e9s del sitio web son obligatorias, puesto que son necesarias para la prestaci\u00f3n de un servicio \u00f3ptimo al USUARIO. En caso de que no se faciliten todos los datos, no se garantiza que la informaci\u00f3n y servicios facilitados se ajusten completamente a sus necesidades.&nbsp;<\/p>\n\n\n\n<p>3. MEDIDAS DE SEGURIDAD&nbsp;<\/p>\n\n\n\n<p>Que, de conformidad con el que establecen las normativas vigentes en protecci\u00f3n de datos personales, el RESPONSABLE est\u00e1 cumpliendo con todas las disposiciones de las normativas&nbsp;GDPR&nbsp;y&nbsp;LOPDGDD&nbsp;para el tratamiento de los datos personales de su responsabilidad, y manifiestamente con los principios descritos en el art\u00edculo 5 del&nbsp;GDPR, por los cuales se tratan de manera l\u00edcita, leal y transparente en relaci\u00f3n con el interesado y adecuadas, pertinentes y limitadas al que es necesario en relaci\u00f3n con las finalidades para las cuales se tratan.&nbsp;<\/p>\n\n\n\n<p>El RESPONSABLE garantiza que ha implementado pol\u00edticas t\u00e9cnicas y organizativas apropiadas para aplicar las medidas de seguridad que establecen el&nbsp;GDPR&nbsp;y la&nbsp;LOPDGDD&nbsp;para proteger los derechos y libertades de los USUARIOS y los ha comunicado la informaci\u00f3n adecuada para que puedan ejercerlos.&nbsp;<\/p>\n\n\n\n<p>Para mayor informaci\u00f3n sobre las garant\u00edas de privacidad, puedes dirigirte&nbsp;alRESPONSABLE&nbsp;a trav\u00e9s de NEUS FORN JORBA. Avenida de Barcelona, 182 local 1 &#8211; 08700 Igualada (Barcelona). E-mail: hola@sadhana-yoga.es<\/p>\n","protected":false},"excerpt":{"rendered":"<p>1. INFORMACI\u00d3N PARA El USUARIO&nbsp; \u00bfQu\u00e9n es el responsable del tratamiento de tus datos personales?\u00a0 NEUS FORN JORBA es el [&hellip;]<\/p>\n","protected":false},"author":1,"featured_media":0,"parent":0,"menu_order":0,"comment_status":"closed","ping_status":"closed","template":"","meta":{"site-sidebar-layout":"default","site-content-layout":"","ast-site-content-layout":"default","site-content-style":"default","site-sidebar-style":"default","ast-global-header-display":"","ast-banner-title-visibility":"","ast-main-header-display":"","ast-hfb-above-header-display":"","ast-hfb-below-header-display":"","ast-hfb-mobile-header-display":"","site-post-title":"","ast-breadcrumbs-content":"","ast-featured-img":"","footer-sml-layout":"","ast-disable-related-posts":"","theme-transparent-header-meta":"","adv-header-id-meta":"","stick-header-meta":"","header-above-stick-meta":"","header-main-stick-meta":"","header-below-stick-meta":"","astra-migrate-meta-layouts":"set","ast-page-background-enabled":"default","ast-page-background-meta":{"desktop":{"background-color":"","background-image":"","background-repeat":"repeat","background-position":"center center","background-size":"auto","background-attachment":"scroll","background-type":"","background-media":"","overlay-type":"","overlay-color":"","overlay-opacity":"","overlay-gradient":""},"tablet":{"background-color":"","background-image":"","background-repeat":"repeat","background-position":"center center","background-size":"auto","background-attachment":"scroll","background-type":"","background-media":"","overlay-type":"","overlay-color":"","overlay-opacity":"","overlay-gradient":""},"mobile":{"background-color":"","background-image":"","background-repeat":"repeat","background-position":"center center","background-size":"auto","background-attachment":"scroll","background-type":"","background-media":"","overlay-type":"","overlay-color":"","overlay-opacity":"","overlay-gradient":""}},"ast-content-background-meta":{"desktop":{"background-color":"var(--ast-global-color-5)","background-image":"","background-repeat":"repeat","background-position":"center center","background-size":"auto","background-attachment":"scroll","background-type":"","background-media":"","overlay-type":"","overlay-color":"","overlay-opacity":"","overlay-gradient":""},"tablet":{"background-color":"var(--ast-global-color-5)","background-image":"","background-repeat":"repeat","background-position":"center center","background-size":"auto","background-attachment":"scroll","background-type":"","background-media":"","overlay-type":"","overlay-color":"","overlay-opacity":"","overlay-gradient":""},"mobile":{"background-color":"var(--ast-global-color-5)","background-image":"","background-repeat":"repeat","background-position":"center center","background-size":"auto","background-attachment":"scroll","background-type":"","background-media":"","overlay-type":"","overlay-color":"","overlay-opacity":"","overlay-gradient":""}},"footnotes":""},"class_list":["post-1966","page","type-page","status-publish","hentry"],"_links":{"self":[{"href":"https:\/\/www.sadhana-yoga.es\/es\/wp-json\/wp\/v2\/pages\/1966","targetHints":{"allow":["GET"]}}],"collection":[{"href":"https:\/\/www.sadhana-yoga.es\/es\/wp-json\/wp\/v2\/pages"}],"about":[{"href":"https:\/\/www.sadhana-yoga.es\/es\/wp-json\/wp\/v2\/types\/page"}],"author":[{"embeddable":true,"href":"https:\/\/www.sadhana-yoga.es\/es\/wp-json\/wp\/v2\/users\/1"}],"replies":[{"embeddable":true,"href":"https:\/\/www.sadhana-yoga.es\/es\/wp-json\/wp\/v2\/comments?post=1966"}],"version-history":[{"count":6,"href":"https:\/\/www.sadhana-yoga.es\/es\/wp-json\/wp\/v2\/pages\/1966\/revisions"}],"predecessor-version":[{"id":2820,"href":"https:\/\/www.sadhana-yoga.es\/es\/wp-json\/wp\/v2\/pages\/1966\/revisions\/2820"}],"wp:attachment":[{"href":"https:\/\/www.sadhana-yoga.es\/es\/wp-json\/wp\/v2\/media?parent=1966"}],"curies":[{"name":"wp","href":"https:\/\/api.w.org\/{rel}","templated":true}]}}

<p>1. INFORMACIÓN PARA El USUARIO&nbsp;</p>



<p>¿Quén es el responsable del tratamiento de tus datos personales? </p>



<p>NEUS FORN JORBA es el RESPONSABLE del tratamiento de los datos personales del USUARIO y lo informa que estos datos se tratarán de conformidad con el que dispone el Reglamento (UE) 2016/679, de 27 de abril (GDPR), y la Ley Orgánica 3/2018, de 5 de diciembre (LOPDGDD).&nbsp;</p>



<p>¿Para qué tratamos tus datos personales? </p>



<p>Para mantener una relación comercial con el usuario. Las operaciones previstas para hacer el tratamiento son:&nbsp;</p>



<p>Remesa de comunicaciones comerciales publicitarias por e-mail, fax, SMS,&nbsp;MMS, redes sociales o cualquier otro medio electrónico o físico, presente o futuro, que permita efectuar comunicaciones comerciales. Estas comunicaciones se tienen que hacer por medio del RESPONSABLE y están relacionadas con sus productos y servicios, o con sus colaboradores o proveedores, con los cuales haya llegado a algún acuerdo de promoción. En este caso, los terceros no tendrán nunca acceso a los datos personales.&nbsp;</p>



<p>Efectuar estudios de mercado y análisis estadísticos.<br>Tramitar encargos de peticiones, dar respuesta a las consultas o cualquier tipo de petición que haga el USUARIO a&nbsp;través de cualquier de las formas de contacto que se ponen a su disposición a la página web del RESPONSABLE.<br>Enviar el boletín informativo en línea, sobre novedades, ofertas y promociones en nuestra actividad.&nbsp;</p>



<p>¿Porqué qué motivo podemos tratar tus datos personales? </p>



<p>Porque el tratamiento está legitimado por el artículo 6 del GDPR de la siguiente manera: </p>



<p>Con el consentimiento del USUARIO: envío de comunicaciones comerciales y del boletín informativo.<br>Por interés legítimo&nbsp;delRESPONSABLE: efectuar estudios de mercado, análisis estadísticos, etc. y tramitar encargos, solicitudes, etc. a petición del USUARIO.&nbsp;</p>



<p>¿Durante cuánto de tiempo guardaremos tus datos personales? </p>



<p>Se conservarán durando no más tiempo del necesario para mantener la finalidad del tratamiento o mientras haya prescripciones legales que dictaminen la custodia y cuando ya no sea necesario para lo cual, se suprimirán con medidas de seguridad adecuadas para garantizar la anonimización de los datos o su destrucción total.&nbsp;</p>



<p>¿A quien facilitamos tus datos personales? </p>



<p>No está prevista ninguna comunicación de datos personales a terceros excepto, si fuera necesario para el desarrollo y ejecución de las finalidades del tratamiento, a nuestros proveedores de servicios relacionados con comunicaciones, con los cuales el RESPONSABLE ha formalizado los contratos de confidencialidad y de encargado de tratamiento exigidos por la normativa vigente de privacidad.&nbsp;</p>



<p>¿Cuáles son tus derechos? </p>



<p>Los derechos que tiene el USUARIO son:&nbsp;</p>



<p>Derecho a retirar el consentimiento en cualquier momento.<br>Derecho de acceso, rectificación, portabilidad y supresión de sus datos y de limitación u oposición a su tratamiento. Derecho a presentar una reclamación ante la autoridad de control (www.aepd.es) si considera que el tratamiento no se ajusta a la normativa vigente.&nbsp;</p>



<p>En cualquier momento, tienes derecho a acceder a tus datos personales, solicitar la rectificación si son inexactas, pedir la supresión, oponerte a su tratamiento, solicitar la limitación o la portabilidad de acuerdo con el Reglamento (UE) 2016/679 (RGPD).</p>



<p>Puedes ejercer estos derechos de manera fácil y gratuita mediante el siguiente formulario: https://www.sadhana-yoga.es/centre-de-privacitat/, dirigiéndote a NEUS FORN JORBA. Avenida de Barcelona, 182 local 1 &#8211; 08700 Igualada (Barcelona). o por e-mail: hola@sadhana-yoga.es&nbsp;</p>



<p>2. CARÁCTER OBLIGATORIO O FACULTATIVO DE LA INFORMACIÓN FACILITADA POR El USUARIO&nbsp;</p>



<p>Los USUARIOS, por medio de las casillas correspondientes y la introducción de datos en los campos, marcados con el asterisco ()&nbsp;en el formulario de contacto o presentados en formularios de descarga, aceptan expresamente y de manera libre e inequívoca, que sus datos son necesarios para la atención de su petición, por parte del prestamista, y que por lo tanto<br>la inclusión de los datos en los campos restantes es voluntaria. El USUARIO garantiza que los datos personales facilitados al RESPONSABLE son verídicas y se hace responsable de comunicar cualquier modificación.<br>El RESPONSABLE informa que todos los datos solicitados a través del sitio web son obligatorias, puesto que son necesarias para la prestación de un servicio óptimo al USUARIO. En caso de que no se faciliten todos los datos, no se garantiza que la información y servicios facilitados se ajusten completamente a sus necesidades.&nbsp;</p>



<p>3. MEDIDAS DE SEGURIDAD&nbsp;</p>



<p>Que, de conformidad con el que establecen las normativas vigentes en protección de datos personales, el RESPONSABLE está cumpliendo con todas las disposiciones de las normativas&nbsp;GDPR&nbsp;y&nbsp;LOPDGDD&nbsp;para el tratamiento de los datos personales de su responsabilidad, y manifiestamente con los principios descritos en el artículo 5 del&nbsp;GDPR, por los cuales se tratan de manera lícita, leal y transparente en relación con el interesado y adecuadas, pertinentes y limitadas al que es necesario en relación con las finalidades para las cuales se tratan.&nbsp;</p>



<p>El RESPONSABLE garantiza que ha implementado políticas técnicas y organizativas apropiadas para aplicar las medidas de seguridad que establecen el&nbsp;GDPR&nbsp;y la&nbsp;LOPDGDD&nbsp;para proteger los derechos y libertades de los USUARIOS y los ha comunicado la información adecuada para que puedan ejercerlos.&nbsp;</p>



<p>Para mayor información sobre las garantías de privacidad, puedes dirigirte&nbsp;alRESPONSABLE&nbsp;a través de NEUS FORN JORBA. Avenida de Barcelona, 182 local 1 &#8211; 08700 Igualada (Barcelona). E-mail: hola@sadhana-yoga.es</p>

<p>1. INFORMACIÓN PARA El USUARIO&nbsp; ¿Quén es el responsable del tratamiento de tus datos personales?  NEUS FORN JORBA es el [&hellip;]</p>
